8*h + 8. Let b be x(-6). Let r(n) = 144*n**2 + 140*n**2 - 285*n**2 - 4*n. Determine r(b).
0
Let v(y) = y**3 + 5*y**2 + 3*y + 1. Suppose 0 = -5*c + 2*t - 4*t - 21, -5*c - 17 = 4*t. What is v(c)?
-14
Let t be (-1)/(-4) + 57/12. Let s(h) = t + 2*h**2 - 2*h - 3*h**2 + 2*h**2 + 10*h. What is s(-5)?
-10
Suppose 0 = -2*c - 2*c + 5*y + 1, -4*y = 5*c + 50. Let t(x) = 3 + 9*x - x**3 - 2*x + 241*x**2 - 246*x**2. What is t(c)?
-3
Let t be (-1)/2*0/12. Let x(w) = w**3 - w**2 + w + 8. What is x(t)?
8
Let k(b) be the third derivative of -b**5/60 + b**4/6 + 5*b**3/6 - 5*b**2. Let q(r) = -r - 8. Let a be q(-8). Let n be (-12)/(-3) + a/(-3). What is k(n)?
5
Let k(s) = s + 4. Suppose 4*h = 8*h - 28. Let i(j) = -j**2 + 6*j + 3. Let t be i(h). What is k(t)?
0
Let y(z) = z**2. Suppose 3*m + 2 = 3*q + 8, -6 = -3*m. Suppose q = -3*s + 2*s. Suppose s*l = -3*l. Determine y(l).
0
Let k be (2/(-3))/((-2)/15). Let v(q) = 7*q**3 - 12*q**2 + 6*q + 7. Let t(l) = 4*l**3 - 6*l**2 + 3*l + 3. Let o(u) = 5*t(u) - 3*v(u). Give o(k).
4
Let z = 27 + -33. Let b(m) = m**3 + 5*m**2 - 7*m + 3. Calculate b(z).
9
Let h = 9 - 5. Let i = -11 + 10. Let p(m) = -5*m - 3. Let a(q) = -q - 1. Let y(x) = i*p(x) + 6*a(x). What is y(h)?
-7
Let l be (-1 - -1 - -6) + -1. Suppose -4*g = g - l. Let m(r) = -2*r. Determine m(g).
-2
Suppose d = 5*d + 16. Suppose 4*i - 8 = -2*f, 0 = -5*i + f + 10 - 0. Let j(k) = -3*k + 2 + i*k - k**2 - k. Calculate j(d).
-6
Let u(x) = -x**2 - x. Let v(k) = -15 + 11*k**2 + k**2 - 7*k - 7*k + k**3. Let n be v(-13). What is u(n)?
-2
Let l(h) = h**3 + 5*h**2 - h. Let t(v) = -v**2 + 6*v + 5. Let j be t(6). Let r = j - 10. Give l(r).
5
Let n(i) = -9*i**3 + i**2 + 2*i + 1. Suppose -8 = -h + 1. Let v be -4 + (20/(-8) - -1)*2. Let l be (-2)/v - h/7. What is n(l)?
9
Let x(q) = -9*q - 2 + 2. Suppose -6 = -26*b + 32*b. What is x(b)?
9
Let q(i) be the third derivative of i**6/120 - i**3/6 - 27*i**2. What is q(0)?
-1
Let a(y) = -11 - 563*y**2 + y - y**3 + 563*y**2. Give a(0).
-11
Let c(i) = 4 - 22*i**2 + 10*i**2 + 13*i**2 + 6*i. Let a be 1/2 - 22/4. Determine c(a).
-1
Let a = -46 - -42. Let d(b) = b**2 + 4*b + 4. Calculate d(a).
4
Suppose -5 = 5*b - 6*i + i, 2*b + i + 17 = 0. Let p(l) = 4*l - 9. Let g(s) = -s. Let y(q) = -6*g(q) - p(q). Calculate y(b).
-3
Let k(n) be the second derivative of 0 + n**2 - 7*n + 1/6*n**3. Give k(-2).
0
Let b = -13 - -17. Let v(l) = -b*l + 0*l - 2*l - l. What is v(-2)?
14
Let i(b) = -b**2 - b + 1. Suppose 5*f - 2*f = 6. Suppose -f*m = 2*m + 20. Let p be 2/m + (-60)/(-25). Calculate i(p).
-5
Let m(o) = -o**2 + 3*o - 6. Let b(g) = 3*g**2 - 8*g + 17. Let a(y) = -3*b(y) - 8*m(y). Give a(0).
-3
Let q(h) be the third derivative of -h**5/40 + h**4/12 - 5*h**3/6 - 2*h**2. Let l(m) be the first derivative of q(m). Give l(2).
-4
Let a(i) be the second derivative of -3*i**5/20 - i**2 + 2*i. Let v(p) be the first derivative of a(p). Determine v(-1).
-9
Let m(h) = -3 - 128*h**3 + 5*h + 3*h**2 + 129*h**3 - 3*h. Give m(-3).
-9
Suppose 0 = -3*w + 3*o + 2*o - 14, 0 = -4*w - 5*o - 7. Let k(g) = g + 2. What is k(w)?
-1
Let l = -113 + 116. Let u(z) = z**3 - 4*z**2 + 2. Determine u(l).
-7
Suppose 5*t - 12 = 8, j - 3*t + 3 = 0. Let k(r) = r**2 - 8*r - 5. What is k(j)?
4
Let n(k) = -3 + 2*k**2 - 3*k**2 + 2*k**2 - 6*k - 1. What is n(7)?
3
Let h(c) be the third derivative of -c**4/24 - c**3/2 + 18*c**2. Suppose 4*p = 4*s + 2*p + 14, 4*s + 2*p = -10. Calculate h(s).
0
Let z(u) = -3*u**3 - 10*u**2 + 10*u - 13. Let y(f) = -f**3 - 3*f**2 + 3*f - 4. Let q(w) = -7*y(w) + 2*z(w). Calculate q(0).
2
Suppose 5*w = 6*w - 15. Suppose 7*y - 2*y + w = 0. Let u(k) = k**3 + 2*k**2 - 2*k - 3. What is u(y)?
-6
Let q(b) = -5*b**3 + 4*b + 15. Let m(o) = 3*o**3 - 2*o - 7. Let y(u) = -13*m(u) - 6*q(u). Let z = 3 + -3. Let t = z + -1. Determine y(t).
8
Let g(m) = m**2 + 3*m - 2. Let q be -9*1/(-3)*-1. Give g(q).
-2
Let f(y) = y**2 + 5*y + 2. Let i be (4/6)/(10/(-75)). Calculate f(i).
2
Let k(m) be the first derivative of m**2/2 + 2*m + 1. Let h be 6*1*(-7 - -8). Let g = 11 - h. Determine k(g).
7
Let y(h) = -258*h + 3 + 2*h**2 + 252*h - h**2. What is y(6)?
3
Let f(w) = -w**3 - 4*w**2 + 5*w - 6. Suppose 0*y + y + 25 = 5*v, -4*y - 3*v = 8. What is f(y)?
-6
Let c(v) be the third derivative of 1/120*v**6 + 1/10*v**5 - 9*v**2 + 0 + 0*v + 0*v**4 + 2/3*v**3. What is c(-6)?
4
Let o(n) = n**2 - 2*n + 3. Let m be o(3). Let p(i) = -i**3 + 6*i**2. Calculate p(m).
0
Let l be 15/(-6)*(-2 - 0). Let y = -6 + l. Let h(g) be the third derivative of g**4/8 + 3*g**2. Determine h(y).
-3
Let x be 0/(2*(-2)/(-4)). Let a = 16 - 8. Let d(i) = -a + 9 - 2*i + 3*i. Determine d(x).
1
Suppose 2*a = a + 2*u + 8, -4*u - 4 = a. Let p(y) = 3 - y**3 - 2*y - 4 + 4*y**2 + 3*y. What is p(a)?
3
Let f(m) = m**2 - 5*m - 5. Let w(j) = -3*j**2 + 9*j + 10. Let l(k) = 5*f(k) + 2*w(k). What is l(-5)?
5
Suppose 5*s - 5*b + 20 = 0, -3*s = 2*b + 7 - 0. Let r(p) = p + 3. Calculate r(s).
0
Let m(b) = 1 + 7*b**2 - b**2 - 3*b**2 + 2*b + 7*b**2. Calculate m(-1).
9
Let a(y) = 2*y**2 - 4*y - 3. Let l(v) = -3*v**2 + 9*v + 6. Let j(b) = 5*a(b) + 3*l(b). Suppose 2 + 11 = q. Let n = q - 19. Determine j(n).
-3
Let u(l) = 89*l**2 + 0 - 2 - 2*l + 0 - 88*l**2. Determine u(4).
6
Let l(h) be the second derivative of 1/12*h**4 + 3/2*h**2 + 0 + 4*h - 2/3*h**3. Let i be (-1)/(-2)*1*6. What is l(i)?
0
Let a(q) = -4*q + 9*q**2 - 5*q**3 - 2 - q**3 + 9. Let j = 9 - 3. Let i(t) = 7*t**3 - 10*t**2 + 5*t - 8. Let s(g) = j*a(g) + 5*i(g). Determine s(4).
6
Let o = 25 + -9. Suppose o = -2*i - 2*i. Let n(l) = l - 1. Calculate n(i).
-5
Let d = -7 - -2. Let r(v) = -5*v - 10. Let o(j) = 11*j + 21. Let b(y) = -4*o(y) - 9*r(y). Determine b(d).
1
Let y(o) = 0*o + 0*o - o - 1. Calculate y(8).
-9
Let l(s) = s**2 - 1. Let r be l(1). Let z = 7 + -5. Let m(q) = -q**2 + z*q**2 + 0 - 8. Give m(r).
-8
Let h(s) = -s - 2. Let d be h(-7). Let f(x) = -x + 5. Let p(t) be the third derivative of t**3/6 - t**2. Let m(q) = -f(q) - p(q). What is m(d)?
-1
Let j(f) be the first derivative of f**4/4 + 5*f**3/3 - 9*f**2/2 - 8*f + 2. Calculate j(-6).
10
Suppose h - 8 = -4. Let v(g) = g**3 - 4*g + 5*g**2 + 3 + h*g - 2*g**3 + 5*g. Determine v(6).
-3
Let u(j) be the second derivative of -j**2 - 4*j + 0 - 1/6*j**3. Give u(5).
-7
Let j(f) = -f + 2 - 6 - 3*f. Let o(s) = 2 + 3*s - 1 + 2. Let g(v) = -2*j(v) - 3*o(v). Give g(4).
-5
Let b(m) be the third derivative of m**6/120 + m**5/60 + m**4/24 - m**3/6 + 3*m**2. Suppose -c + 0*c = 0. Give b(c).
-1
Let x(o) = -o. Let b(h) = -h**2 - 6*h + 2. Suppose 0 = -2*t - 3*r + 13 - 3, 0 = 2*t - 3*r + 14. Let g(m) = t*b(m) + 5*x(m). What is g(-3)?
4
Let m(i) = -3*i + 1. Let a be -2 + 10 + (1 - 0). Let v(p) = -6 - 8*p + a*p + 5. Let t(z) = -m(z) - 4*v(z). Determine t(3).
0
Let m(d) = 2*d + 5*d - 4 + 0*d - 8*d. What is m(-8)?
4
Let l(h) = -1 + 2*h + 2*h + 0. Let m(n) = 2*n - 28. Let z be m(15). Calculate l(z).
7
Suppose 0*g - 3*y = 2*g, 2*g - 2*y - 10 = 0. Suppose -g*a - 17 + 4 = 5*b, -9 = 2*b + 5*a. Let q = b - 0. Let i(s) = s**2 + 2*s. Give i(q).
0
Let u(n) = n**2 - n - 5. Let w(p) = p**2 - p - 1. Let f(x) = u(x) - 4*w(x). Suppose -3*a - 2*t - 2 = 2*t, 4*a + 4*t = 0. What is f(a)?
-7
Suppose r + 9 = -4*d, -5*r = -3*d - 0*d - 1. Let z(h) = -h**2 - 3*h - 2. Determine z(d).
0
Let d be 1/3 - 35/(-21). Let p be (0/d + 0)/1. Let z be 0/(-2 - (p - 1)). Let a(n) = -n - 6. Determine a(z).
-6
Let z = -79 - -75. Let g(u) = -2*u**2 - 5*u - 6. What is g(z)?
-18
Let c(f) = -4*f**2 - 19*f - 5. Let a(d) = 3*d**2 + 13*d + 3. Let x(k) = -7*a(k) - 5*c(k). What is x(4)?
4
Let s(k) be the third derivative of 13*k**6/120 + k**4/24 + k**3/6 - 11*k**2. What is s(-1)?
-13
Let y(z) be the third derivative of z**6/720 - z**5/10 - z**4/8 - 5*z**2. Let h(a) be the second derivative of y(a). What is h(5)?
-7
Let n(f) = -f. Let u be n(4). Let r(v) be the third derivative of 0*v + 0 + 1/2*v**3 - 2*v**2 - 1/30*v**5 - 1/6*v**4. What is r(u)?
-13
Let q(o) = -o**3 + 6*o**2 - 2*o - 5. Let n = -10 + 14. Give q(n).
19
Let q(y) = -3*y**3 - 1. Let n be 30/(-4)*10/(-15). Suppose 3*j = n*j. Suppose -5*k = -j*k - 2*w - 5, -4*k + 4*w + 4 = 0. Calculate q(k).
-4
Let l(s) = 4*s**2 - 2*s - 2. Let p be (44/33)/(4/6). Determine l(p).
10
Let o(f) = -74 - 50*f**3 - 5*f**2 + 3*f + 51*f**3 + 73. Let d(j) = -j**2 + 5*j + 3. Let v be